+ -2.
0
What is the value of 1 + 0 - (-5 - -2)?
4
Evaluate (7 - (-7 - -14)) + -1 - 3.
-4
What is the value of (0 - -2 - 4) + (-47 - -53)?
4
Evaluate (-3 - 9) + 3 + 1.
-8
What is the value of 4 + (-5 + -5 - -4)?
-2
-8 + (25 - 6 - 3)
8
What is the value of (1 - -7) + (-5 - 4)?
-1
What is the value of -2 + (-4 - -1 - (1 - 11))?
5
-3 - (-3 + 3 + (-3 - -5))
-5
What is the value of 2 - ((3 - 2) + 3)?
-2
What is the value of 1 + 1 + -2 + (1 - 0)?
1
What is the value of 1 - (2 - 3) - 6?
-4
What is the value of 3 + -3 + 4 + 1?
5
Evaluate 5 + 1 + -5 - (0 - -2).
-1
Evaluate -1 + 5 + -6 + 3 + -5.
-4
What is the value of 0 - (-1 + (0 + -1 - 3))?
5
Evaluate (-1 - -2 - 0) + -2 + 1.
0
What is -16 + 26 + 2 + -6?
6
3 + -2 + (20 - 26)
-5
-1 - 8 - (-18 + 15) - -4
-2
Calculate -4 - -4 - -2 - 0.
2
2 + (4 - 1) + (-5 - 5)
-5
(0 - -1 - (2 - 3)) + -4
-2
What is the value of 7 + -9 + 1 + 0?
-1
What is the value of -6 + 7 + -11 + 6?
-4
Evaluate (3 - 2) + 2 + -7 + 0.
-4
Evaluate (12 - 0) + -3 + -2 + -1.
6
-5 - (-5 + 0 + (5 - 10))
5
What is -3 + -6 + (1 - -4)?
-4
What is the value of 0 + (-3 - 0) + 4?
1
What is (6 - 4) + 3 + 0?
5
Evaluate 3 + (1 - -3 - (-1 - -8)).
0
What is the value of -4 - (3 + -12 + (0 - -2))?
3
Evaluate -4 - (5 + 0 + -5).
-4
What is 0 + 0 + 15 + (4 - 14)?
5
1 - (2 + 0 + -11 + 8)
2
What is 5 + (-6 - (3 - 7)) - -5?
8
What is 11 + (3 - 4) + -3?
7
What is the value of 3 - (-1 + 0 + 5 + -6)?
5
What is -2 - -1 - (11 + (-7 - 4))?
-1
5 + 0 + -12 + 5
-2
Evaluate 1 - 1 - (0 - 12 - -17).
-5
What is the value of -1 + -2 - (-1 - 2)?
0
Calculate 35 - 33 - (0 - -4).
-2
Calculate (5 - 3) + (-8 + 5 - -3).
2
Calculate -5 - (-3 - (5 - 4)).
-1
What is the value of -5 + (1 - 3 - -2)?
-5
What is the value of 8 - (1 + -5 + (8 - -1))?
3
Evaluate 1 + -1 - -7 - (-4 + 6).
5
What is -2 + -3 + 6 - (3 + -7)?
5
Evaluate (-5 + 7 - (10 + 0)) + 3.
-5
Calculate 2 + 11 + -8 + -7.
-2
Calculate 3 - 5 - (-5 + 1).
2
Calculate -1 + 3 + (13 + -13 - -6).
8
What is the value of 0 - (6 - (0 - (1 - 6)))?
-1
Calculate 9 + (-3 - 7 - -4) + 0.
3
What is the value of -1 + (2 - 2) - -1?
0
Calculate (-2 - -3 - 0) + -1 + -3.
-3
Evaluate 22 - 28 - (-7 + 1).
0
Calculate (-1 - 1 - (-22 - -28)) + 6.
-2
Calculate -1 + -10 + 2 + 14.
5
Evaluate 0 + 5 + 129 + -139.
-5
What is (8 - 8) + -6 + 10?
4
Evaluate 1 + 1 + 1 + 0.
3
What is -6 + 11 - (1 - 0)?
4
Calculate -2 + 1 + (39 - 35) + -4.
-1
What is -5 + 3 + -1 + 4?
1
What is (-3 - 0) + 7 + -5?
-1
Calculate -11 - (-5 + 1 - (-23 - -24)).
-6
-10 + (1 - (-1 - 3))
-5
What is -2 + 1 + 14 + -17?
-4
What is the value of (-6 - 0 - -13) + (-1 - 2)?
4
What is the value of -5 + (7 + 5 - 2)?
5
What is the value of 0 + -2 + (8 - 11)?
-5
Calculate 0 + (2 - -15) + -13.
4
-2 + -7 + 3 - -3 - -1
-2
What is -12 + 13 + (-1 - 2)?
-2
Evaluate (0 - 0) + (-4 - -3).
-1
36 + -34 + 2 + 1 + -2
3
What is (3 - 6 - -2 - 2) + 0?
-3
Evaluate 3 + (-1 - (14 - 4)).
-8
Calculate -9 + 5 + (-3 - 0) + 5.
-2
What is the value of 2 + 1 + 2 + -3?
2
What is (-6 - -3) + 7 - 5?
-1
Calculate 1 - ((-3 - (2 + 3)) + 4).
5
What is -4 - (-9 + 3) - 9?
-7
What is the value of -4 - (2 + 2 + -11)?
3
Calculate 7 - -2 - (44 - 37).
2
4 + (7 - 13) - (-1 - -7)
-8
Calculate 0 + 5 - -1 - 1.
5
Evaluate 0 + -6 - -3 - -1.
-2
Evaluate -4 - (-2 + (4 - 0) + -2).
-4
Calculate (-5 - (-7 + -4)) + -4.
2
What is the value of (0 - (3 + 0)) + -8 - -6?
-5
(1 - -5) + (12 - 10) + -5
3
What is the value of -5 + (9 - (-1 + 1))?
4
What is -3 + 1 + (-2 - -1)?
-3
What is the value of 1 + (-3 + 3 - -2)?
3
1 + -9 + -5 + 10
-3
Evaluate (1 - (-4 + 5)) + 0.
0
What is 2 - (-1 + 6) - (39 + -40)?
-2
What is 4 + -10 + (9 - 10)?
-7
Evaluate -14 - ((-20 - -14) + 2).
-10
What is the value of -5 + 3 + (4 - (-2 - -4))?
0
What is -1 + (-3 - (-4 + 0)) + 2?
2
Calculate (0 - 4) + (-34 + 24 - -15).
1
What is the value of -3 - -3 - (7 + -5) - -7?
5
Calculate -5 + (0 - ((-6 - -4) + -1)).
-2
What is the value of 12 + (4 + 1 - (6 - -5))?
6
What is 4 - (-2 - (-6 - -4 - 3))?
1
What is 0 + 0 - -1 - (-37 - -38)?
0
-6 + 1 + 8 + 1 + -5
-1
What is the value of -3 + 0 - (-7 + 0)?
4
-2 + -2 - (0 + -4)
0
(1 - 1) + 18 + -17
1
Calculate -8 + -1 - ((-2 - 0) + -2).
-5
Evaluate 10 + -14 + 12 + (-1 - 2).
5
Evaluate (11 + -25 - -14) + -1.
-1
Calculate -1 + -2 + (-9 - -6) - -3.
-3
15 + -14 + (-6 - -11)
6
5 - ((7 - 0) + (3 - 10))
5
Evaluate 7 + (-10 - 2) + 13.
8
What is the value of (4 - -1 - 1) + (0 - 4)?
0
Calculate (3 - (-2 + -1 - 0)) + -2.
4
Calculate -1 + (8 - 0) + -4.
3
3 + (-7 - -5) + 0 + 1
2
What is the value of 5 + -13 + 0 + 11?
3
Calculate (-5 + 4 - -5 - 1) + -1.
2
What is the value of 5 - 0 - (34 - 24)?
-5
What is (1 - -3) + -1 - -2?
5
-7 + (-9 - -4) + 16
4
What is the value of -48 - -44 - (-3 + -1)?
0
-1 + (-4 - (-8 - -8))
-5
What is -21 + 22 - (1 - -3)?
-3
(3 - -2 - 4 - 4) + 4
1
What is the value of 4 + -8 - (-4 - 0) - -1?
1
What is the value of 1 + (1 - 3) + 2?
1
What is the value of 11 + (-11 - -17 - 6)?
11
Calculate 2 + (-2 - -1 - 0).
1
Evaluate 0 + (0 - -3) + -6.
-3
2 + (2 - 0) + 1 + -6
-1
Calculate -2 + -3 + 5 + -1.
-1
Calculate -6 + 8 - 0 - 6 - 3.
-7
What is -2 + 8 + 49 + -53?
2
What is -4 + (6 - 1 - -8) - 7?
2
4 + -5 - 2 - (0 + -3)
0
Calculate -8 + 7 + (0 - -3).
2
What is the value of (1 - -1 - -1) + -2 + 0?
1
-3 + (0 - 3) + (5 - 4)
-5
What is -3 + (4 - (10 - 8))?
-1
Evaluate -2 + 3 + 0 + 3 + -8.
-4
What is the value of 28 + -19 - (3 - 0) - 3?
3
Calculate 7 + -4 - (5 + 1).
-3
12 - 0 - 7 - 3
2
What is the value of 3 - (22 - 11 - (1 + 1))?
-6
-4 + (9 - 9) - -8
4
Calculate -1 - 4 - (-9 + 5).
-1
Calculate -29 + 28 + (-4 - (-1 + 0)).
-4
What is 5 + (-3 + 4 - (-4 - -3))?
7
-4 + (0 - -6 - (6 - 2))
-2
1 - (-1 - ((2 - -2) + -7))
-1
(9 - 2) + -17 - -7
-3
Evaluate 6 - (4 + -10 - -1 - -4).
7
8 + -2 - (2 + -2 - -8)
-2
(1 - 3) + 2 + (3 - 2)
1
Calculate (-1 - -10) + -75 + 70 + 3.
7
Evaluate -1 + (-1 - (-1 + 1)).
-2
6 + (2 - 8) + 2 + 1
3
Evaluate -3 + -1 + 0 + (15 - 6).
5
Evaluate 0 + 4 + -1 + 9 + -6.
6
Evaluate -1 + -2 + -1 - -6.
2
Calculate (-8 - -7) + 11 + -4 + -1.
5
Evaluate -12 + (-4 - -4) - (4 - 11).
-5
What is -12 - (7 + (2 - 19) - -3)?
-5
Calculate -3 + (0 - -2) + (6 - 4).
1
What is the value of 2 + 3 - (0 - (4 + -6))?
3
What is -4 + 0 + 3 + 2 - 2?
-1
Evaluate -1 + (1 - 0 - 0).
0
-14 - -16 - 10 - (-4 - 0)
-4
Evaluate 1 + (-3 + 0 - 2) + -2.
-6
Evaluate -1 - (-2 + 6 + -15).
10
What is the value of 13 + -12 + -1 + -5 - -7?
2
Calculate -5 + (10 - 1) - 5 - -3.
2
Evaluate (9 - 8) + -7 + 1.
-5
Calculate (5 - 1 - (1 - 0)) + 1.
4
Calculate 2 - 0 - (-4 + 5 + 4).
-3
Calculate -3 + (9 - (-1 - -4)).
3
What is the value of (-7 - -9) + (6 - (-5 + 10))?
3
What is the value of -16 - -11 - (-7 + -1)?
3
What is the value of 1 + (9 - 4) + 1 + -4?
3
Evaluate 1 + -8 + (6 - (3 + 0)).
-4
Evaluate (8 - (14 - 15)) + -4.
5
What is -4 - (-4 + 6 + -4 - 1)?
-1
What is the value of -1 - (2 - 6 - -2) - 4?
-3
Evaluate -5 + -1 + 2 + 0.
-4
What is the value of 2 + 1 - (-11 - (-16 - -1))?
-1
-6 - (0 - (-6 + 2)) - -5
-5
7 + (-11 - -9) + -7
-2
What is the value of -4 + 8 + (-6 - (-2 + -5))?
5
-1 - (-6 - -2) - (-1 + 4)
0
Calculate -5 - 4 - (5 - 18).
4
What is the value of 1 + -1 + 8 + (0 - 4)?
4
What is the value of -7 - ((-9 - -4) + -2)?
0
What is the value of (-3 - (6 - 3)) + 7 + -9?
-8
18 - 3 - 9 - (0 + 2)
4
What is 9 + (-1 - (0 + 7))?
1
Evaluate -1 + (10 - 1) + -1 + -3.
4
Evaluate -20 + 23 + 2 + -1.
4
Calculate 5 + 1 + 1 + 13 + -16.
4
What is the value of 5 + -3 + (-3 - -4)?
3
Evaluate 9 + 0 - (13 + -8 + -1).
5
-3 + 5 + -3 + (2 - 0)
1
(-1 - 0 - -7 - 1) + 1
6
What is 5 - (6 + -9 + 8)?
0
What is the value of 0 + (-3 - -2) + 5?
4
Calculate 8 - (5 - (11 + -18)).
-4
Evaluate 9 + 3 + (1 - 17).
-4
(4 + -7 - -3) + -2
-2
What is the value of 2 - (-12 - -5 - -5)?
4
Evaluate 1 - (2 + 1) - (1 - 1).
-2
Calculate -15 - -14 - (-8 + 1).
6
(8 - 5) + -3 + -5
-5
2 - -1 - (36 + -34)
1
0 - (-5 - (3 + -9))
-1
What is the value of -3 - -1 - (-13 - -10)?
1
What is the value of 3 + -6 + 5 + -3?
-1
11 + (2 - 2 - 8)
3
(-2 + 8 + -3 - -1) + -5
-1
Calculate (0 - -3) + -8 - -7.
2
Evaluate 17 + -4 - (-17 - -24).
6
-5 + (8 - (0 - -1))
2
Evaluate -2 + (-4 - -8) + 1 + -2.
1
What is the value of 2 + 7 - (0 + 8 + -4)?
5
What is -2 + 2 + 7 - 3?
4
(9 - 6) + (-2 - 7) + -2
-8
-6 + 0 + (12 - 16) + 18
8
What is (-3 - (-3 + 1)) + (2 - 1)?
0
7 + -10 + 